{"id":1940,"date":"2021-02-25T18:33:26","date_gmt":"2021-02-25T18:33:26","guid":{"rendered":"http:\/\/printseg.com.mx\/?page_id=1940"},"modified":"2021-02-25T20:01:06","modified_gmt":"2021-02-25T20:01:06","slug":"rastreo-y-monitoreo","status":"publish","type":"page","link":"https:\/\/printseg.com.mx\/index.php\/rastreo-y-monitoreo\/","title":{"rendered":"Rastreo y Monitoreo"},"content":{"rendered":"<p>[vc_row full_width=&#8221;stretch_row&#8221; gap=&#8221;35&#8243; css=&#8221;.vc_custom_1457512032984{background-color: #f7f7f7 !important;}&#8221;][vc_column width=&#8221;1\/2&#8243;][tt_gm_info_block_shortcode sort_1=&#8221;o-subtitle&#8221; sort_2=&#8221;o-title&#8221; sort_3=&#8221;o-separator&#8221; sort_4=&#8221;o-blockquote&#8221; sort_5=&#8221;o-description&#8221; title=&#8221;Monitoreo&#8221; title_space=&#8221;30&#8243; subtitle=&#8221;Rastreo y&#8221; teaser_size=&#8221;16&#8243; blq_space=&#8221;20&#8243; sp_space=&#8221;40&#8243; description=&#8221;Lorem ipsum dolor sit amet consectetur adipisicing elit sed dolora eiusmod tempor incididunt dolor magna aliqua ellut enim ad minim veniam quis nostrud exercitation ullamco aboris nisi aliquipue sed commod conseque aute irure dolor.&#8221; line=&#8221;yes&#8221;]<b>PRINTSEG <\/b>ofrece <b>Buskme<\/b><b> GPS (Sistema <\/b><b>de posicionamiento global) <\/b>especializada\u00a0 en el Rastreo y Monitoreo de Veh\u00edculos, con plataforma de Localizaci\u00f3n y\u00a0 Control log\u00edstico, la cual tiene una respuesta inmediata y Asesor\u00eda Jur\u00eddica en caso de\u00a0 Siniestros.<\/p>\n<ul>\n<li>Localizaci\u00f3n y monitoreo 24 hrs \/ 365 d\u00edas<\/li>\n<li>Bot\u00f3n de p\u00e1nico<\/li>\n<li>Geocercas (\u00c1rea de circulaci\u00f3n determinada)<\/li>\n<li>Control de velocidad para un manejo seguro<\/li>\n<li>Consultas ilimitadas para el rastreo de unidades<\/li>\n<li>Asesor\u00eda legal<\/li>\n<\/ul>\n<p>[\/tt_gm_info_block_shortcode][\/vc_column][vc_column width=&#8221;1\/2&#8243;][vc_single_image image=&#8221;1438&#8243; img_size=&#8221;650&#215;410&#8243; alignment=&#8221;right&#8221;][vc_empty_space height=&#8221;65px&#8221;][\/vc_column][\/vc_row][vc_row full_width=&#8221;stretch_row&#8221; parallax=&#8221;content-moving&#8221; parallax_image=&#8221;1453&#8243;][vc_column][vc_empty_space height=&#8221;80px&#8221;][vc_row_inner css=&#8221;.vc_custom_1457624625533{margin-bottom: 40px !important;}&#8221;][vc_column_inner width=&#8221;1\/4&#8243;][\/vc_column_inner][vc_column_inner width=&#8221;1\/2&#8243;][tt_gm_title_shortcode title_type=&#8221;type_2&#8243; title=&#8221;BENEFICIOS OBTENIDOS&#8221; title_color=&#8221;#ffffff&#8221; sbtitle=&#8221;Nuestros sistemas de rastreo y monitoreo te proveen de los siguientes beneficios.&#8221; sbtitle_color=&#8221;#ffffff&#8221; sptitle_color=&#8221;#ffffff&#8221; el_class=&#8221;teaser-subtitle&#8221;][\/vc_column_inner][vc_column_inner width=&#8221;1\/4&#8243;][\/vc_column_inner][\/vc_row_inner][vc_row_inner css=&#8221;.vc_custom_1457624688082{margin-top: 40px !important;margin-bottom: 85px !important;}&#8221;][vc_column_inner width=&#8221;1\/3&#8243;][tt_gm_list_content_shortcode][tt_gm_list_content_item_shortcode title=&#8221;Control de las rutas y reducci\u00f3n de tiempos de traslado.&#8221; itemcolor=&#8221;#ffffff&#8221;][tt_gm_list_content_item_shortcode title=&#8221;Ahorro de combustible y desgaste de la unidad.&#8221; itemcolor=&#8221;#ffffff&#8221;][\/tt_gm_list_content_shortcode][\/vc_column_inner][vc_column_inner width=&#8221;1\/3&#8243;][vc_single_image image=&#8221;1457&#8243; img_size=&#8221;full&#8221; alignment=&#8221;center&#8221;][\/vc_column_inner][vc_column_inner width=&#8221;1\/3&#8243;][tt_gm_list_content_shortcode list_content_type=&#8221;style_2&#8243;][tt_gm_list_content_item_shortcode title=&#8221;Evaluaci\u00f3n del nivel protecci\u00f3n por la supervisi\u00f3n remota.&#8221; itemcolor=&#8221;#ffffff&#8221;][tt_gm_list_content_item_shortcode title=&#8221;Reducci\u00f3n de accidentes y Disminuci\u00f3n de p\u00e9rdidas.&#8221; itemcolor=&#8221;#ffffff&#8221;][\/tt_gm_list_content_shortcode][\/vc_column_inner][\/vc_row_inner][\/vc_column][\/vc_row][vc_row full_width=&#8221;stretch_row&#8221; el_class=&#8221;working-with-us&#8221; css=&#8221;.vc_custom_1457625692082{padding-top: 30px !important;background-color: #ffffff !important;}&#8221;][vc_column width=&#8221;1\/2&#8243; css=&#8221;.vc_custom_1457783805880{margin-bottom: 0px !important;margin-left: -40px !important;}&#8221;][vc_single_image image=&#8221;1472&#8243; img_size=&#8221;full&#8221; alignment=&#8221;center&#8221; css=&#8221;.vc_custom_1457619774388{margin-bottom: 0px !important;}&#8221;][\/vc_column][vc_column width=&#8221;1\/2&#8243; css=&#8221;.vc_custom_1457783738520{margin-left: -80px !important;}&#8221;][tt_gm_info_block_shortcode sort_1=&#8221;o-title&#8221; sort_2=&#8221;o-separator&#8221; sort_3=&#8221;o-blockquote&#8221; sort_4=&#8221;o-button&#8221; title=&#8221;Cont\u00e1ctenos y solicite su cotizaci\u00f3n&#8221; sbtitle_space=&#8221;45&#8243; blq=&#8221;El compromiso de PRINTSEG Protecci\u00f3n Integral y Seguridad Privada es ofrecer servicios de seguridad eficientes y proporcionar soluciones efectivas a los asociados comerciales que contribuyan al logro de objetivos y metas organizacionales.&#8221; teaser_size=&#8221;16&#8243; blq_space=&#8221;50&#8243; b_title=&#8221;CONTACTO&#8221; link=&#8221;http:\/\/printseg.com.mx\/index.php\/contacto\/&#8221; line=&#8221;yes&#8221;][\/tt_gm_info_block_shortcode][\/vc_column][\/vc_row]<\/p>\n","protected":false},"excerpt":{"rendered":"<p>[vc_row full_width=&#8221;stretch_row&#8221; gap=&#8221;35&#8243; css=&#8221;.vc_custom_1457512032984{background-color: #f7f7f7 !important;}&#8221;][vc_column width=&#8221;1\/2&#8243;][tt_gm_info_block_shortcode sort_1=&#8221;o-subtitle&#8221; sort_2=&#8221;o-title&#8221; sort_3=&#8221;o-separator&#8221; sort_4=&#8221;o-blockquote&#8221; sort_5=&#8221;o-description&#8221; title=&#8221;Monitoreo&#8221; title_space=&#8221;30&#8243; subtitle=&#8221;Rastreo y&#8221; teaser_size=&#8221;16&#8243; blq_space=&#8221;20&#8243; sp_space=&#8221;40&#8243; description=&#8221;Lorem ipsum dolor sit amet consectetur adipisicing elit sed dolora eiusmod tempor incididunt dolor magna aliqua ellut enim ad minim veniam quis nostrud exercitation ullamco aboris nisi aliquipue sed commod conseque aute irure dolor.&#8221; line=&#8221;yes&#8221;]PRINTSEG ofrece [&hellip;]<\/p>\n","protected":false},"author":1,"featured_media":0,"parent":0,"menu_order":0,"comment_status":"closed","ping_status":"closed","template":"","meta":[],"_links":{"self":[{"href":"https:\/\/printseg.com.mx\/index.php\/wp-json\/wp\/v2\/pages\/1940"}],"collection":[{"href":"https:\/\/printseg.com.mx\/index.php\/wp-json\/wp\/v2\/pages"}],"about":[{"href":"https:\/\/printseg.com.mx\/index.php\/wp-json\/wp\/v2\/types\/page"}],"author":[{"embeddable":true,"href":"https:\/\/printseg.com.mx\/index.php\/wp-json\/wp\/v2\/users\/1"}],"replies":[{"embeddable":true,"href":"https:\/\/printseg.com.mx\/index.php\/wp-json\/wp\/v2\/comments?post=1940"}],"version-history":[{"count":3,"href":"https:\/\/printseg.com.mx\/index.php\/wp-json\/wp\/v2\/pages\/1940\/revisions"}],"predecessor-version":[{"id":1978,"href":"https:\/\/printseg.com.mx\/index.php\/wp-json\/wp\/v2\/pages\/1940\/revisions\/1978"}],"wp:attachment":[{"href":"https:\/\/printseg.com.mx\/index.php\/wp-json\/wp\/v2\/media?parent=1940"}],"curies":[{"name":"wp","href":"https:\/\/api.w.org\/{rel}","templated":true}]}}