{"id":1935,"date":"2021-02-25T18:30:21","date_gmt":"2021-02-25T18:30:21","guid":{"rendered":"http:\/\/printseg.com.mx\/?page_id=1935"},"modified":"2021-02-25T19:36:27","modified_gmt":"2021-02-25T19:36:27","slug":"proteccion-ejecutiva","status":"publish","type":"page","link":"https:\/\/printseg.com.mx\/index.php\/proteccion-ejecutiva\/","title":{"rendered":"Protecci\u00f3n Ejecutiva"},"content":{"rendered":"<p>[vc_row full_width=&#8221;stretch_row&#8221; gap=&#8221;35&#8243; css=&#8221;.vc_custom_1457512032984{background-color: #f7f7f7 !important;}&#8221;][vc_column width=&#8221;1\/2&#8243;][tt_gm_info_block_shortcode sort_1=&#8221;o-subtitle&#8221; sort_2=&#8221;o-title&#8221; sort_3=&#8221;o-separator&#8221; sort_4=&#8221;o-blockquote&#8221; sort_5=&#8221;o-description&#8221; title=&#8221;Ejecutiva&#8221; title_space=&#8221;30&#8243; subtitle=&#8221;Protecci\u00f3n&#8221; teaser_size=&#8221;16&#8243; blq_space=&#8221;20&#8243; sp_space=&#8221;40&#8243; description=&#8221;Lorem ipsum dolor sit amet consectetur adipisicing elit sed dolora eiusmod tempor incididunt dolor magna aliqua ellut enim ad minim veniam quis nostrud exercitation ullamco aboris nisi aliquipue sed commod conseque aute irure dolor.&#8221; line=&#8221;yes&#8221;]El personal de protecci\u00f3n ejecutiva es, sin duda, parte fundamental de\u00a0 la seguridad y tranquilidad del CMT (Crisis Management Team); es por ello que al mantenerlos motivados, bien capacitados y preparados para prevenir y reaccionar ante las amenazas, mantendremos condiciones\u00a0 de mayor seguridad y tranquilidad para el \u00a0Ejecutivo.[\/tt_gm_info_block_shortcode][\/vc_column][vc_column width=&#8221;1\/2&#8243;][vc_single_image image=&#8221;1438&#8243; img_size=&#8221;650&#215;410&#8243; alignment=&#8221;right&#8221;][vc_empty_space height=&#8221;65px&#8221;][\/vc_column][\/vc_row][vc_row full_width=&#8221;stretch_row&#8221; parallax=&#8221;content-moving&#8221; parallax_image=&#8221;1453&#8243;][vc_column][vc_empty_space height=&#8221;80px&#8221;][vc_row_inner css=&#8221;.vc_custom_1457624625533{margin-bottom: 40px !important;}&#8221;][vc_column_inner width=&#8221;1\/4&#8243;][\/vc_column_inner][vc_column_inner width=&#8221;1\/2&#8243;][tt_gm_title_shortcode title_type=&#8221;type_2&#8243; title=&#8221;Grupos o Personalidades VIP&#8221; title_color=&#8221;#ffffff&#8221; sbtitle=&#8221;Evaluamos el programa de seguridad actual del cliente desde la perspectiva misma de un adversario potencial e implementamos un programa de seguridad con base a esta evaluaci\u00f3n, dando recomendaciones adicionales de seguridad .&#8221; sbtitle_color=&#8221;#ffffff&#8221; sptitle=&#8221;Servicios VIP&#8221; sptitle_color=&#8221;#ffffff&#8221; el_class=&#8221;teaser-subtitle&#8221;][\/vc_column_inner][vc_column_inner width=&#8221;1\/4&#8243;][\/vc_column_inner][\/vc_row_inner][vc_row_inner css=&#8221;.vc_custom_1457624688082{margin-top: 40px !important;margin-bottom: 85px !important;}&#8221;][vc_column_inner width=&#8221;1\/3&#8243;][tt_gm_list_content_shortcode][tt_gm_list_content_item_shortcode title=&#8221;An\u00e1lisis de seguridad e inteligencia&#8221; itemcolor=&#8221;#ffffff&#8221;][tt_gm_list_content_item_shortcode title=&#8221;Log\u00edstica y an\u00e1lisis de rutas&#8221; itemcolor=&#8221;#ffffff&#8221;][\/tt_gm_list_content_shortcode][\/vc_column_inner][vc_column_inner width=&#8221;1\/3&#8243;][vc_single_image image=&#8221;1457&#8243; img_size=&#8221;full&#8221; alignment=&#8221;center&#8221;][\/vc_column_inner][vc_column_inner width=&#8221;1\/3&#8243;][tt_gm_list_content_shortcode list_content_type=&#8221;style_2&#8243;][tt_gm_list_content_item_shortcode title=&#8221;Actividades de avanzada y monitoreo de trayecto&#8221; itemcolor=&#8221;#ffffff&#8221;][tt_gm_list_content_item_shortcode title=&#8221;Servicio de transportaci\u00f3n segura para ejecutivos y personalidades : Aeropuerto \u2013 Hotel \/ Oficina \u2013 Aeropuerto&#8221; itemcolor=&#8221;#ffffff&#8221;][\/tt_gm_list_content_shortcode][\/vc_column_inner][\/vc_row_inner][\/vc_column][\/vc_row][vc_row full_width=&#8221;stretch_row&#8221; css=&#8221;.vc_custom_1457015301129{background-color: #f7f7f7 !important;}&#8221;][vc_column width=&#8221;1\/2&#8243; el_class=&#8221;home-our-services&#8221; css=&#8221;.vc_custom_1457625316388{margin-top: -68px !important;padding-right: 65px !important;}&#8221;][tt_gm_info_block_shortcode sort_1=&#8221;o-subtitle&#8221; sort_2=&#8221;o-title&#8221; sort_3=&#8221;o-blockquote&#8221; sort_4=&#8221;o-separator&#8221; sort_5=&#8221;o-description&#8221; title=&#8221;INFRAESTRUCTURA&#8221; title_space=&#8221;30&#8243; subtitle=&#8221;S\u00f3lida&#8221; desc_space=&#8221;50&#8243; teaser_size=&#8221;16&#8243; blq_space=&#8221;30&#8243; sp_space=&#8221;40&#8243; b_title=&#8221;ASK A QUOTE&#8221; link=&#8221;#&#8221; description=&#8221;Lorem ipsum dolor sit amet consectetur adipisicing elit sed co eiusmod tempor incididunt dolore magna aliqua enim au minim veniam quis nostrud exercita.&#8221; line=&#8221;yes&#8221;]<b>PRINTSEG<\/b> cuenta con una s\u00f3lida infraestructura operativa y alianzas con los principales proveedores de productos y servicios para garantizar la continuidad operativa, as\u00ed como la calidad de nuestros servicios en la protecci\u00f3n a personas .[\/tt_gm_info_block_shortcode][\/vc_column][vc_column width=&#8221;1\/2&#8243;][vc_empty_space height=&#8221;70px&#8221;][tt_gm_info_block_shortcode sort_1=&#8221;o-title&#8221; title=&#8221;Autos Sed\u00e1n o SUV, con o sin blindaje y GPS.&#8221; title_size=&#8221;19&#8243; title_space=&#8221;15&#8243;][\/tt_gm_info_block_shortcode][tt_gm_info_block_shortcode sort_1=&#8221;o-title&#8221; title=&#8221;Choferes de seguridad en espa\u00f1ol y biling\u00fces.&#8221; title_size=&#8221;19&#8243; title_space=&#8221;15&#8243;][\/tt_gm_info_block_shortcode][tt_gm_info_block_shortcode sort_1=&#8221;o-title&#8221; title=&#8221;Agentes de protecci\u00f3n en espa\u00f1ol y biling\u00fces.&#8221; title_size=&#8221;19&#8243; title_space=&#8221;15&#8243;][\/tt_gm_info_block_shortcode][tt_gm_info_block_shortcode sort_1=&#8221;o-title&#8221; title=&#8221;Equipos de contra vigilancia.&#8221; title_size=&#8221;19&#8243; title_space=&#8221;15&#8243;][\/tt_gm_info_block_shortcode][tt_gm_info_block_shortcode sort_1=&#8221;o-title&#8221; title=&#8221;Comunicaciones celulares, punto a punto y radio.&#8221; title_size=&#8221;19&#8243; title_space=&#8221;15&#8243;][\/tt_gm_info_block_shortcode][tt_gm_info_block_shortcode sort_1=&#8221;o-title&#8221; title=&#8221;Equipos de rastreo GPS est\u00e1ticos y port\u00e1tiles.&#8221; title_size=&#8221;19&#8243; title_space=&#8221;15&#8243;][\/tt_gm_info_block_shortcode][tt_gm_info_block_shortcode sort_1=&#8221;o-title&#8221; title=&#8221;Centro de comando y monitoreo.&#8221; title_size=&#8221;19&#8243; title_space=&#8221;15&#8243;][\/tt_gm_info_block_shortcode][tt_gm_info_block_shortcode sort_1=&#8221;o-title&#8221; title=&#8221;Presencia operativa a nivel nacional.&#8221; title_size=&#8221;19&#8243; title_space=&#8221;15&#8243;][\/tt_gm_info_block_shortcode][tt_gm_info_block_shortcode sort_1=&#8221;o-title&#8221; title=&#8221;Personal capacitado en manejo evasivo y defensivo, as\u00ed como t\u00e1cticas anti-secuestro.&#8221; title_size=&#8221;19&#8243; title_space=&#8221;15&#8243;][\/tt_gm_info_block_shortcode][tt_gm_info_block_shortcode sort_1=&#8221;o-title&#8221; title=&#8221;Selecci\u00f3n de personal mediante filtros de reclutamiento y pruebas psicom\u00e9tricas de confianza.&#8221; title_size=&#8221;19&#8243; title_space=&#8221;15&#8243;][\/tt_gm_info_block_shortcode][tt_gm_info_block_shortcode sort_1=&#8221;o-title&#8221; title=&#8221;Seguro de responsabilidad y fianza de fidelidad.&#8221; title_size=&#8221;19&#8243; title_space=&#8221;15&#8243;][\/tt_gm_info_block_shortcode][vc_empty_space height=&#8221;110px&#8221;][\/vc_column][\/vc_row][vc_row full_width=&#8221;stretch_row&#8221; el_class=&#8221;working-with-us&#8221; css=&#8221;.vc_custom_1457625692082{padding-top: 30px !important;background-color: #ffffff !important;}&#8221;][vc_column width=&#8221;1\/2&#8243; css=&#8221;.vc_custom_1457783805880{margin-bottom: 0px !important;margin-left: -40px !important;}&#8221;][vc_single_image image=&#8221;1472&#8243; img_size=&#8221;full&#8221; alignment=&#8221;center&#8221; css=&#8221;.vc_custom_1457619774388{margin-bottom: 0px !important;}&#8221;][\/vc_column][vc_column width=&#8221;1\/2&#8243; css=&#8221;.vc_custom_1457783738520{margin-left: -80px !important;}&#8221;][tt_gm_info_block_shortcode sort_1=&#8221;o-title&#8221; sort_2=&#8221;o-separator&#8221; sort_3=&#8221;o-blockquote&#8221; sort_4=&#8221;o-button&#8221; title=&#8221;Cont\u00e1ctenos y solicite su cotizaci\u00f3n&#8221; sbtitle_space=&#8221;45&#8243; blq=&#8221;El compromiso de PRINTSEG Protecci\u00f3n Integral y Seguridad Privada es ofrecer servicios de seguridad eficientes y proporcionar soluciones efectivas a los asociados comerciales que contribuyan al logro de objetivos y metas organizacionales.&#8221; teaser_size=&#8221;16&#8243; blq_space=&#8221;50&#8243; b_title=&#8221;CONTACTO&#8221; link=&#8221;http:\/\/printseg.com.mx\/index.php\/contacto\/&#8221; line=&#8221;yes&#8221;][\/tt_gm_info_block_shortcode][\/vc_column][\/vc_row]<\/p>\n","protected":false},"excerpt":{"rendered":"<p>[vc_row full_width=&#8221;stretch_row&#8221; gap=&#8221;35&#8243; css=&#8221;.vc_custom_1457512032984{background-color: #f7f7f7 !important;}&#8221;][vc_column width=&#8221;1\/2&#8243;][tt_gm_info_block_shortcode sort_1=&#8221;o-subtitle&#8221; sort_2=&#8221;o-title&#8221; sort_3=&#8221;o-separator&#8221; sort_4=&#8221;o-blockquote&#8221; sort_5=&#8221;o-description&#8221; title=&#8221;Ejecutiva&#8221; title_space=&#8221;30&#8243; subtitle=&#8221;Protecci\u00f3n&#8221; teaser_size=&#8221;16&#8243; blq_space=&#8221;20&#8243; sp_space=&#8221;40&#8243; description=&#8221;Lorem ipsum dolor sit amet consectetur adipisicing elit sed dolora eiusmod tempor incididunt dolor magna aliqua ellut enim ad minim veniam quis nostrud exercitation ullamco aboris nisi aliquipue sed commod conseque aute irure dolor.&#8221; line=&#8221;yes&#8221;]El personal de [&hellip;]<\/p>\n","protected":false},"author":1,"featured_media":0,"parent":0,"menu_order":0,"comment_status":"closed","ping_status":"closed","template":"","meta":[],"_links":{"self":[{"href":"https:\/\/printseg.com.mx\/index.php\/wp-json\/wp\/v2\/pages\/1935"}],"collection":[{"href":"https:\/\/printseg.com.mx\/index.php\/wp-json\/wp\/v2\/pages"}],"about":[{"href":"https:\/\/printseg.com.mx\/index.php\/wp-json\/wp\/v2\/types\/page"}],"author":[{"embeddable":true,"href":"https:\/\/printseg.com.mx\/index.php\/wp-json\/wp\/v2\/users\/1"}],"replies":[{"embeddable":true,"href":"https:\/\/printseg.com.mx\/index.php\/wp-json\/wp\/v2\/comments?post=1935"}],"version-history":[{"count":18,"href":"https:\/\/printseg.com.mx\/index.php\/wp-json\/wp\/v2\/pages\/1935\/revisions"}],"predecessor-version":[{"id":1970,"href":"https:\/\/printseg.com.mx\/index.php\/wp-json\/wp\/v2\/pages\/1935\/revisions\/1970"}],"wp:attachment":[{"href":"https:\/\/printseg.com.mx\/index.php\/wp-json\/wp\/v2\/media?parent=1935"}],"curies":[{"name":"wp","href":"https:\/\/api.w.org\/{rel}","templated":true}]}}