{"id":1064,"date":"2013-03-15T17:56:11","date_gmt":"2013-03-15T22:56:11","guid":{"rendered":"http:\/\/wptest.io\/demo\/?page_id=1064"},"modified":"2023-04-20T14:49:00","modified_gmt":"2023-04-20T20:49:00","slug":"home","status":"publish","type":"page","link":"https:\/\/printseg.com.mx\/","title":{"rendered":"Home"},"content":{"rendered":"<p>[vc_row full_width=&#8221;stretch_row&#8221;][vc_column][rev_slider_vc alias=&#8221;slider-type-2&#8243;][vc_empty_space height=&#8221;40px&#8221;][\/vc_column][\/vc_row][vc_row full_width=&#8221;stretch_row&#8221; css=&#8221;.vc_custom_1505131497102{background-color: #f7f7f7 !important;}&#8221; el_class=&#8221;tt-mob-padding&#8221;][vc_column width=&#8221;1\/3&#8243; css=&#8221;.vc_custom_1458569862214{margin-top: -100px !important;margin-bottom: 14px !important;padding-top: 15px !important;padding-right: 0px !important;background-color: #f7f7f7 !important;}&#8221;][vc_single_image image=&#8221;1502&#8243; img_size=&#8221;375&#215;260&#8243; alignment=&#8221;center&#8221; onclick=&#8221;custom_link&#8221; css=&#8221;.vc_custom_1614287397319{margin-bottom: 0px !important;padding-top: 2px !important;}&#8221; link=&#8221;http:\/\/printseg.com.mx\/index.php\/contacto\/&#8221;][tt_gm_info_block_shortcode sort_1=&#8221;o-title&#8221; sort_2=&#8221;o-blockquote&#8221; title=&#8221;CONT\u00c1CTANOS&#8221; title_size=&#8221;14&#8243; title_space=&#8221;1&#8243; blq=&#8221;Com\u00e9ntanos lo que necesitas&#8221; b_title=&#8221;CONTACTO&#8221; link=&#8221;http:\/\/printseg.com.mx\/index.php\/contacto\/&#8221; el_class=&#8221;info&#8221;]Si requieres una cotizaci\u00f3n, comun\u00edcate con nosotros por medio de nuestros diversos medios de contacto.[\/tt_gm_info_block_shortcode][\/vc_column][vc_column width=&#8221;1\/3&#8243; css=&#8221;.vc_custom_1458568982460{margin-top: -100px !important;padding-top: 15px !important;padding-right: 0px !important;background-color: #f7f7f7 !important;}&#8221;][vc_single_image image=&#8221;1503&#8243; img_size=&#8221;375&#215;260&#8243; alignment=&#8221;center&#8221; onclick=&#8221;custom_link&#8221; css=&#8221;.vc_custom_1614287466617{margin-bottom: 0px !important;padding-top: 2px !important;}&#8221; link=&#8221;http:\/\/printseg.com.mx\/index.php\/bolsa-de-trabajo\/&#8221;][tt_gm_info_block_shortcode sort_1=&#8221;o-title&#8221; sort_2=&#8221;o-blockquote&#8221; title=&#8221;\u00bfQUI\u00c9RES TRABAJAR CON NOSOTROS?&#8221; title_size=&#8221;14&#8243; blq=&#8221;Env\u00edanos tu informaci\u00f3n a nuestra Bolsa de Trabajo&#8221; blq_color=&#8221;#888888&#8243; el_class=&#8221;info&#8221;]I am test text block. Click edit button to change this text.[\/tt_gm_info_block_shortcode][\/vc_column][vc_column width=&#8221;1\/3&#8243; css=&#8221;.vc_custom_1458569016472{margin-top: -100px !important;padding-top: 0px !important;padding-right: 0px !important;background-color: #f7f7f7 !important;}&#8221;][tt_gm_video_block_shortcode image=&#8221;1505&#8243; title=&#8221;WATCH THE TOUR&#8221; subtitle=&#8221;Explore what we do for Security&#8221; link=&#8221;https:\/\/vimeo.com\/45830194&#8243;][\/vc_column][\/vc_row][vc_row full_width=&#8221;stretch_row&#8221; css=&#8221;.vc_custom_1457015173541{background-color: #f7f7f7 !important;}&#8221;][vc_column width=&#8221;2\/3&#8243;][vc_empty_space height=&#8221;60px&#8221;][tt_gm_info_block_shortcode sort_1=&#8221;o-subtitle&#8221; sort_2=&#8221;o-title&#8221; sort_3=&#8221;o-separator&#8221; sort_4=&#8221;o-description&#8221; sort_5=&#8221;o-button&#8221; title=&#8221;PROTECCI\u00d3N INTEGRAL Y SEGURIDAD PRIVADA&#8221; title_space=&#8221;30&#8243; subtitle=&#8221;PRINTSEG&#8221; desc_space=&#8221;35&#8243; sp_space=&#8221;40&#8243; b_title=&#8221;CON\u00d3CENOS&#8221; link=&#8221;http:\/\/printseg.com.mx\/index.php\/quienes-somos\/&#8221; line=&#8221;yes&#8221; description=&#8221;Lorem ipsum dolor sit amet consectetur adipisicing elit sed dol eiusmod tempor incididunt dolor magna aliqua ut enim ad minim veniam quis nostrud exercitation ullamco aboris nisi aliquip commod conseque aute irure dolor in reprehenderit in voluptate velit esvse cillum dolore eu fugiat nulla pariatur enimadm nostrud exercitation ullamco laboris nisi ut aliquip exea consequat.<\/p>\n<p><strong>More than five decades in industry gives us the power to perform every day and every time.<\/strong>&#8220;]Realizamos las estrategias adecuadas para minimizar cualquier riesgo, mismo que se refuerza dando seguimiento en tiempo real por el Centro de Operaciones Estrat\u00e9gicas (COE) que\u00a0se enlaza de forma inmediata con las autoridades federales y\/o estatales\u00a0para agilizar los tiempos de reacci\u00f3n.<\/p>\n<p><strong>\u00a1Contamos con m\u00e1s de 15 a\u00f1os de experiencia en Protecci\u00f3n y Seguridad Privada!<\/strong>[\/tt_gm_info_block_shortcode][vc_empty_space height=&#8221;120px&#8221; el_class=&#8221;hidden-xs&#8221;][\/vc_column][vc_column width=&#8221;1\/3&#8243;][vc_empty_space height=&#8221;85px&#8221;][tt_gm_info_block_shortcode sort_1=&#8221;o-subtitle&#8221; sort_2=&#8221;o-title&#8221; sort_3=&#8221;o-separator&#8221; title=&#8221;NUESTROS SERVICIOS&#8221; title_size=&#8221;20&#8243; title_space=&#8221;30&#8243; subtitle=&#8221;Qu\u00e9 te ofrecemos&#8221; sub_size=&#8221;20&#8243; sp_space=&#8221;40&#8243; line=&#8221;yes&#8221;]I am test text block. Click edit button to change this text.[\/tt_gm_info_block_shortcode][tt_gm_list_shortcode][tt_gm_list_item_shortcode title=&#8221;Guardias Intramuros&#8221; itemcolor=&#8221;#555555&#8243; type_icon=&#8221;fas fa-house-damage&#8221; iconcolor=&#8221;#555555&#8243;][tt_gm_list_item_shortcode title=&#8221;Custodia al Transporte&#8221; itemcolor=&#8221;#555555&#8243; type_icon=&#8221;fas fa-taxi&#8221; iconcolor=&#8221;#555555&#8243;][tt_gm_list_item_shortcode title=&#8221;Seguridad Electr\u00f3nica&#8221; itemcolor=&#8221;#555555&#8243; type_icon=&#8221;fas fa-tv&#8221; iconcolor=&#8221;#555555&#8243;][tt_gm_list_item_shortcode title=&#8221;Protecci\u00f3n Ejecutiva&#8221; itemcolor=&#8221;#555555&#8243; type_icon=&#8221;fas fa-shield-alt&#8221; iconcolor=&#8221;#555555&#8243;][tt_gm_list_item_shortcode title=&#8221;Consultor\u00eda en Seguridad Privada&#8221; itemcolor=&#8221;#555555&#8243; type_icon=&#8221;fas fa-hands-helping&#8221; iconcolor=&#8221;#555555&#8243;][tt_gm_list_item_shortcode title=&#8221;Seguridad Armada&#8221; itemcolor=&#8221;#555555&#8243; type_icon=&#8221;fas fa-user-shield&#8221; iconcolor=&#8221;#555555&#8243;][tt_gm_list_item_shortcode title=&#8221;Rastreo y Monitoreo&#8221; itemcolor=&#8221;#555555&#8243; type_icon=&#8221;fas fa-location-arrow&#8221; iconcolor=&#8221;#555555&#8243;][\/tt_gm_list_shortcode][vc_empty_space height=&#8221;120px&#8221;][\/vc_column][\/vc_row][vc_row full_width=&#8221;stretch_row&#8221; css=&#8221;.vc_custom_1648571717525{background-image: url(https:\/\/printseg.com.mx\/wp-content\/uploads\/2016\/03\/1-3.jpg?id=1453) !important;}&#8221;][vc_column][vc_empty_space height=&#8221;50px&#8221;][vc_row_inner][vc_column_inner width=&#8221;1\/3&#8243;][tt_gm_count_shortcode title=&#8221;ESTRICTOS FILTROS EN LA CONTRATACI\u00d3N DE PERSONAL&#8221;][\/vc_column_inner][vc_column_inner width=&#8221;1\/3&#8243;][tt_gm_count_shortcode title=&#8221;SERVICIOS DE CALIDAD A PRECIOS COMPETITIVOS&#8221;][\/vc_column_inner][vc_column_inner width=&#8221;1\/3&#8243;][tt_gm_count_shortcode title=&#8221;CONTAMOS CON ALTOS EST\u00c1NDARES DE CALIDAD&#8221;][\/vc_column_inner][\/vc_row_inner][vc_row_inner content_placement=&#8221;middle&#8221;][vc_column_inner][tt_gm_info_block_shortcode sort_1=&#8221;o-subtitle&#8221; sort_2=&#8221;o-title&#8221; sort_3=&#8221;o-blockquote&#8221; title=&#8221;CONOCE TODOS LOS BENEFICIOS QUE TE OFRECEMOS&#8221; title_size=&#8221;30&#8243; title_space=&#8221;30&#8243; title_color=&#8221;#ffffff&#8221; subtitle=&#8221;Con m\u00e1s de 15 a\u00f1os de experiencia en Seguridad&#8221; sub_size=&#8221;26&#8243; sbtitle_space=&#8221;10&#8243; subtitle_color=&#8221;#cccccc&#8221; blq=&#8221;La situaci\u00f3n que se vive en el pa\u00eds exige tomar una serie de medidas para contrarrestar los efectos de la delincuencia que, en los \u00faltimos a\u00f1os ha cobrado un costo alto en los niveles pol\u00edtico, econ\u00f3mico y social.&#8221; blq_color=&#8221;#cccccc&#8221; alignment=&#8221;center&#8221;]I am test text block. Click edit button to change this text.[\/tt_gm_info_block_shortcode][\/vc_column_inner][\/vc_row_inner][vc_empty_space height=&#8221;135px&#8221;][\/vc_column][\/vc_row][vc_row full_width=&#8221;stretch_row_content_no_spaces&#8221;][vc_column width=&#8221;1\/3&#8243; css=&#8221;.vc_custom_1457783378931{padding-top: 0px !important;}&#8221;][vc_single_image image=&#8221;1448&#8243; img_size=&#8221;full&#8221;][\/vc_column][vc_column width=&#8221;1\/3&#8243; css=&#8221;.vc_custom_1457783384035{padding-top: 0px !important;}&#8221;][vc_single_image image=&#8221;1449&#8243; img_size=&#8221;full&#8221;][\/vc_column][vc_column width=&#8221;1\/3&#8243; css=&#8221;.vc_custom_1457783390995{padding-top: 0px !important;}&#8221;][vc_single_image image=&#8221;1450&#8243; img_size=&#8221;full&#8221;][\/vc_column][\/vc_row][vc_row full_width=&#8221;stretch_row&#8221; css=&#8221;.vc_custom_1463291423694{padding-bottom: 70px !important;background-color: #f7f7f7 !important;}&#8221;][vc_column width=&#8221;1\/2&#8243; el_class=&#8221;home-our-services&#8221; css=&#8221;.vc_custom_1457599282557{margin-top: -100px !important;padding-right: 80px !important;}&#8221;][tt_gm_info_block_shortcode sort_1=&#8221;o-subtitle&#8221; sort_2=&#8221;o-title&#8221; sort_3=&#8221;o-blockquote&#8221; sort_4=&#8221;o-separator&#8221; sort_5=&#8221;o-description&#8221; sort_6=&#8221;o-button&#8221; title=&#8221;NUESTROS SERVICIOS&#8221; title_size=&#8221;30&#8243; title_space=&#8221;30&#8243; subtitle=&#8221;Lo que encontrar\u00e1s en&#8221; desc_space=&#8221;50&#8243; blq=&#8221;Puedes consultar cada uno de nuestros servicios en los men\u00fas correspondientes&#8221; teaser_size=&#8221;16&#8243; blq_space=&#8221;30&#8243; sp_space=&#8221;40&#8243; b_title=&#8221;CONT\u00c1CTANOS&#8221; link=&#8221;http:\/\/printseg.com.mx\/index.php\/contacto\/&#8221; line=&#8221;yes&#8221; description=&#8221;Lorem ipsum dolor sit amet consectetur adipisicing elit sed co eiusmod tempor incididunt dolore magna aliqua enim au minim veniam quis nostrud exercita estion et dolore magna aliqua magna aliua consequat.&#8221;]Al ser una empresa filial de Grupo Consultores, podemos asegurar m\u00e1s de 30 a\u00f1os de experiencia en el \u00e1mbito de la Custodia al Transporte, brindando un efectivo servicio al seleccionar las rutas m\u00e1s seguras, trabajando en conjunto con nuestro asociado de negocios.[\/tt_gm_info_block_shortcode][\/vc_column][vc_column width=&#8221;1\/4&#8243;][tt_gm_icon_box_shortcode insert_graphic=&#8221;icon&#8221; custom_icon=&#8221;flaticon-camera113&#8243; icon_color=&#8221;black&#8221; title_tag=&#8221;h5&#8243; title_text_transform=&#8221;uppercase&#8221; text_appear=&#8221;light&#8221; title=&#8221;SISTEMA CCTV&#8221; el_class=&#8221;type1&#8243;]Realizamos supervisi\u00f3n de seguridad a distancia para detectar oportunamente potenciales incidentes y solucionarlos oportunamente.[\/tt_gm_icon_box_shortcode][tt_gm_icon_box_shortcode insert_graphic=&#8221;icon&#8221; custom_icon=&#8221;flaticon-shield20&#8243; icon_color=&#8221;black&#8221; title_tag=&#8221;h5&#8243; title_text_transform=&#8221;uppercase&#8221; text_appear=&#8221;light&#8221; title=&#8221;SEGURIDAD&#8221; el_class=&#8221;type1&#8243;]Visita peri\u00f3dica a sus instalaciones por parte de personal ejecutivo, permiti\u00e9ndonos conocer sus necesidades\u00a0 de seguridad, brindar el servicio oportuno y trato personalizado.[\/tt_gm_icon_box_shortcode][\/vc_column][vc_column width=&#8221;1\/4&#8243;][tt_gm_icon_box_shortcode insert_graphic=&#8221;icon&#8221; custom_icon=&#8221;flaticon-bell60&#8243; icon_color=&#8221;black&#8221; title_tag=&#8221;h5&#8243; title_text_transform=&#8221;uppercase&#8221; text_appear=&#8221;light&#8221; title=&#8221;SISTEMAS DE ALARMAS&#8221; el_class=&#8221;type1&#8243;]Contamos con sistemas de alarmas, detecci\u00f3n y extinci\u00f3n de incendios y control de accesos.[\/tt_gm_icon_box_shortcode][tt_gm_icon_box_shortcode insert_graphic=&#8221;icon&#8221; custom_icon=&#8221;flaticon-flame7&#8243; icon_color=&#8221;black&#8221; title_tag=&#8221;h5&#8243; title_text_transform=&#8221;uppercase&#8221; text_appear=&#8221;light&#8221; title=&#8221;PROTECCI\u00d3N Y DETECCI\u00d3N DE INCENDIOS&#8221; el_class=&#8221;type1&#8243;]Disponemos de varios elementos indicados para la detecci\u00f3n y prevenci\u00f3n de incendios.[\/tt_gm_icon_box_shortcode][\/vc_column][\/vc_row][vc_row full_width=&#8221;stretch_row&#8221; css=&#8221;.vc_custom_1648571590743{background-image: url(https:\/\/printseg.com.mx\/wp-content\/uploads\/2013\/03\/3-3.jpg?id=1538) !important;}&#8221;][vc_column][vc_empty_space height=&#8221;18px&#8221;][tt_gm_title_shortcode title_type=&#8221;type_4&#8243; title=&#8221;ATENDEREMOS TODAS TUS DUDAS Y REQUERIMIENTOS, LL\u00c1MANOS AL&#8221; titles=&#8221;(55) 1519 1297, (55) 1038 5869 y WhatsApp (55) 1492 2713&#8243; titles_color=&#8221;#ffffff&#8221; sbtitle=&#8221;Tambi\u00e9n puedes contactarnos por medio de nuestras redes sociales o correo electr\u00f3nico&#8221; sbtitle_color=&#8221;#cccccc&#8221;][vc_empty_space height=&#8221;55px&#8221;][\/vc_column][\/vc_row][vc_row full_width=&#8221;stretch_row&#8221; el_class=&#8221;working-with-us&#8221; css=&#8221;.vc_custom_1457625692082{padding-top: 30px !important;background-color: #ffffff !important;}&#8221;][vc_column width=&#8221;1\/2&#8243; css=&#8221;.vc_custom_1484919223887{margin-bottom: 0px !important;}&#8221;][vc_single_image image=&#8221;1472&#8243; img_size=&#8221;full&#8221; alignment=&#8221;center&#8221; css=&#8221;.vc_custom_1457619774388{margin-bottom: 0px !important;}&#8221;][\/vc_column][vc_column width=&#8221;1\/2&#8243;][tt_gm_info_block_shortcode sort_1=&#8221;o-title&#8221; sort_2=&#8221;o-separator&#8221; sort_3=&#8221;o-blockquote&#8221; sort_4=&#8221;o-button&#8221; title=&#8221;Cont\u00e1ctenos y solicite su cotizaci\u00f3n&#8221; sbtitle_space=&#8221;45&#8243; blq=&#8221;El compromiso de PRINTSEG Protecci\u00f3n Integral y Seguridad Privada es ofrecer servicios de seguridad eficientes y proporcionar soluciones efectivas a los asociados comerciales que contribuyan al logro de objetivos y metas organizacionales.&#8221; teaser_size=&#8221;16&#8243; blq_space=&#8221;50&#8243; b_title=&#8221;CONTACTO&#8221; link=&#8221;http:\/\/printseg.com.mx\/index.php\/contacto\/&#8221; line=&#8221;yes&#8221;][\/tt_gm_info_block_shortcode][\/vc_column][\/vc_row]<\/p>\n","protected":false},"excerpt":{"rendered":"<p>[vc_row full_width=&#8221;stretch_row&#8221;][vc_column][rev_slider_vc alias=&#8221;slider-type-2&#8243;][vc_empty_space height=&#8221;40px&#8221;][\/vc_column][\/vc_row][vc_row full_width=&#8221;stretch_row&#8221; css=&#8221;.vc_custom_1505131497102{background-color: #f7f7f7 !important;}&#8221; el_class=&#8221;tt-mob-padding&#8221;][vc_column width=&#8221;1\/3&#8243; css=&#8221;.vc_custom_1458569862214{margin-top: -100px !important;margin-bottom: 14px !important;padding-top: 15px !important;padding-right: 0px !important;background-color: #f7f7f7 !important;}&#8221;][vc_single_image image=&#8221;1502&#8243; img_size=&#8221;375&#215;260&#8243; alignment=&#8221;center&#8221; onclick=&#8221;custom_link&#8221; css=&#8221;.vc_custom_1614287397319{margin-bottom: 0px !important;padding-top: 2px !important;}&#8221; link=&#8221;http:\/\/printseg.com.mx\/index.php\/contacto\/&#8221;][tt_gm_info_block_shortcode sort_1=&#8221;o-title&#8221; sort_2=&#8221;o-blockquote&#8221; title=&#8221;CONT\u00c1CTANOS&#8221; title_size=&#8221;14&#8243; title_space=&#8221;1&#8243; blq=&#8221;Com\u00e9ntanos lo que necesitas&#8221; b_title=&#8221;CONTACTO&#8221; link=&#8221;http:\/\/printseg.com.mx\/index.php\/contacto\/&#8221; el_class=&#8221;info&#8221;]Si requieres una cotizaci\u00f3n, comun\u00edcate con nosotros por medio de nuestros diversos medios [&hellip;]<\/p>\n","protected":false},"author":1,"featured_media":0,"parent":0,"menu_order":0,"comment_status":"closed","ping_status":"closed","template":"","meta":[],"_links":{"self":[{"href":"https:\/\/printseg.com.mx\/index.php\/wp-json\/wp\/v2\/pages\/1064"}],"collection":[{"href":"https:\/\/printseg.com.mx\/index.php\/wp-json\/wp\/v2\/pages"}],"about":[{"href":"https:\/\/printseg.com.mx\/index.php\/wp-json\/wp\/v2\/types\/page"}],"author":[{"embeddable":true,"href":"https:\/\/printseg.com.mx\/index.php\/wp-json\/wp\/v2\/users\/1"}],"replies":[{"embeddable":true,"href":"https:\/\/printseg.com.mx\/index.php\/wp-json\/wp\/v2\/comments?post=1064"}],"version-history":[{"count":24,"href":"https:\/\/printseg.com.mx\/index.php\/wp-json\/wp\/v2\/pages\/1064\/revisions"}],"predecessor-version":[{"id":2103,"href":"https:\/\/printseg.com.mx\/index.php\/wp-json\/wp\/v2\/pages\/1064\/revisions\/2103"}],"wp:attachment":[{"href":"https:\/\/printseg.com.mx\/index.php\/wp-json\/wp\/v2\/media?parent=1064"}],"curies":[{"name":"wp","href":"https:\/\/api.w.org\/{rel}","templated":true}]}}